{"id":11,"date":"2015-09-21T13:44:09","date_gmt":"2015-09-21T11:44:09","guid":{"rendered":"http:\/\/styckens.elji.info\/?page_id=11"},"modified":"2025-03-10T13:00:28","modified_gmt":"2025-03-10T12:00:28","slug":"kontakt","status":"publish","type":"page","link":"https:\/\/styckensbageri.se\/index.php\/kontakt\/","title":{"rendered":"Kontakt"},"content":{"rendered":"<p><strong>Styckens Bageri AB<br \/>\n<\/strong> Hamngatan 39<br \/>\n471 32 Sk\u00e4rhamn<\/p>\n<p>Tel: 0304-67 94 60<\/p>\n<p>E-post: <a href=\"mailto:info@styckensbageri.se\"><span style=\"color: #cc0000;\">info@styckensbageri.se<\/span><\/a><\/p>\n<p>Du kan ocks\u00e5 f\u00f6lja oss p\u00e5:<\/p>\n<p><a href=\"https:\/\/www.facebook.com\/styckensbageri\/?locale=sv_SE\">Facebook\u00a0<\/a><\/p>\n<p><a href=\"https:\/\/www.instagram.com\/styckensbageri\/#\">Instagram<\/a><\/p>\n","protected":false},"excerpt":{"rendered":"<p>Styckens Bageri AB Hamngatan 39 471 32 Sk\u00e4rhamn Tel: 0304-67 94 60 E-post: info@styckensbageri.se Du kan ocks\u00e5 f\u00f6lja oss p\u00e5: Facebook\u00a0 Instagram<\/p>\n","protected":false},"author":1,"featured_media":0,"parent":0,"menu_order":0,"comment_status":"closed","ping_status":"closed","template":"","meta":{"footnotes":""},"class_list":["post-11","page","type-page","status-publish","hentry"],"_links":{"self":[{"href":"https:\/\/styckensbageri.se\/index.php\/wp-json\/wp\/v2\/pages\/11","targetHints":{"allow":["GET"]}}],"collection":[{"href":"https:\/\/styckensbageri.se\/index.php\/wp-json\/wp\/v2\/pages"}],"about":[{"href":"https:\/\/styckensbageri.se\/index.php\/wp-json\/wp\/v2\/types\/page"}],"author":[{"embeddable":true,"href":"https:\/\/styckensbageri.se\/index.php\/wp-json\/wp\/v2\/users\/1"}],"replies":[{"embeddable":true,"href":"https:\/\/styckensbageri.se\/index.php\/wp-json\/wp\/v2\/comments?post=11"}],"version-history":[{"count":3,"href":"https:\/\/styckensbageri.se\/index.php\/wp-json\/wp\/v2\/pages\/11\/revisions"}],"predecessor-version":[{"id":213,"href":"https:\/\/styckensbageri.se\/index.php\/wp-json\/wp\/v2\/pages\/11\/revisions\/213"}],"wp:attachment":[{"href":"https:\/\/styckensbageri.se\/index.php\/wp-json\/wp\/v2\/media?parent=11"}],"curies":[{"name":"wp","href":"https:\/\/api.w.org\/{rel}","templated":true}]}}