{"id":8,"date":"2015-09-21T13:43:16","date_gmt":"2015-09-21T11:43:16","guid":{"rendered":"http:\/\/styckens.elji.info\/?page_id=6"},"modified":"2025-06-10T15:13:51","modified_gmt":"2025-06-10T13:13:51","slug":"sortiment-bestallningsvaror","status":"publish","type":"page","link":"https:\/\/styckensbageri.se\/index.php\/sortiment-bestallningsvaror\/","title":{"rendered":"Sortiment &#038; Best\u00e4llningsvaror"},"content":{"rendered":"<p>Vi har ett brett sortiment av limpor. Bland annat danskt r\u00e5gbr\u00f6d och ekologiskt surdegsbr\u00f6d bakat p\u00e5 stenh\u00e4ll. \u00c4ven olivbr\u00f6d, Sk\u00e4rhamnslimpa, m.m.<\/p>\n<div id='gallery-1' class='gallery galleryid-8 gallery-columns-3 gallery-size-thumbnail'><figure class='gallery-item'>\n\t\t\t<div class='gallery-icon portrait'>\n\t\t\t\t<a href='https:\/\/styckensbageri.se\/p1030714\/'><img loading=\"lazy\" decoding=\"async\" width=\"150\" height=\"150\" src=\"https:\/\/styckensbageri.se\/wp-content\/uploads\/2015\/09\/P1030714-150x150.jpg\" class=\"attachment-thumbnail size-thumbnail\" alt=\"\" \/><\/a>\n\t\t\t<\/div><\/figure><figure class='gallery-item'>\n\t\t\t<div class='gallery-icon landscape'>\n\t\t\t\t<a href='https:\/\/styckensbageri.se\/p1030694\/'><img loading=\"lazy\" decoding=\"async\" width=\"150\" height=\"150\" src=\"https:\/\/styckensbageri.se\/wp-content\/uploads\/2015\/09\/P1030694-150x150.jpg\" class=\"attachment-thumbnail size-thumbnail\" alt=\"\" \/><\/a>\n\t\t\t<\/div><\/figure><figure class='gallery-item'>\n\t\t\t<div class='gallery-icon portrait'>\n\t\t\t\t<a href='https:\/\/styckensbageri.se\/p1030702\/'><img loading=\"lazy\" decoding=\"async\" width=\"150\" height=\"150\" src=\"https:\/\/styckensbageri.se\/wp-content\/uploads\/2015\/09\/P1030702-150x150.jpg\" class=\"attachment-thumbnail size-thumbnail\" alt=\"\" \/><\/a>\n\t\t\t<\/div><\/figure><figure class='gallery-item'>\n\t\t\t<div class='gallery-icon landscape'>\n\t\t\t\t<a href='https:\/\/styckensbageri.se\/p1030703\/'><img loading=\"lazy\" decoding=\"async\" width=\"150\" height=\"150\" src=\"https:\/\/styckensbageri.se\/wp-content\/uploads\/2015\/09\/P1030703-150x150.jpg\" class=\"attachment-thumbnail size-thumbnail\" alt=\"\" \/><\/a>\n\t\t\t<\/div><\/figure><figure class='gallery-item'>\n\t\t\t<div class='gallery-icon portrait'>\n\t\t\t\t<a href='https:\/\/styckensbageri.se\/p1030722\/'><img loading=\"lazy\" decoding=\"async\" width=\"150\" height=\"150\" src=\"https:\/\/styckensbageri.se\/wp-content\/uploads\/2015\/09\/P1030722-150x150.jpg\" class=\"attachment-thumbnail size-thumbnail\" alt=\"\" \/><\/a>\n\t\t\t<\/div><\/figure><figure class='gallery-item'>\n\t\t\t<div class='gallery-icon portrait'>\n\t\t\t\t<a href='https:\/\/styckensbageri.se\/p1030735\/'><img loading=\"lazy\" decoding=\"async\" width=\"150\" height=\"150\" src=\"https:\/\/styckensbageri.se\/wp-content\/uploads\/2015\/09\/P1030735-150x150.jpg\" class=\"attachment-thumbnail size-thumbnail\" alt=\"\" \/><\/a>\n\t\t\t<\/div><\/figure>\n\t\t<\/div>\n\n<p>Vi bakar \u00e4ven br\u00f6d utan tillsatt gluten. Grov limpa, ljusa frallor, kanelbullar, muffins och sm\u00e5kakor.<\/p>\n<div id='gallery-2' class='gallery galleryid-8 gallery-columns-3 gallery-size-thumbnail'><figure class='gallery-item'>\n\t\t\t<div class='gallery-icon portrait'>\n\t\t\t\t<a href='https:\/\/styckensbageri.se\/p1030726\/'><img loading=\"lazy\" decoding=\"async\" width=\"150\" height=\"150\" src=\"https:\/\/styckensbageri.se\/wp-content\/uploads\/2015\/09\/P1030726-150x150.jpg\" class=\"attachment-thumbnail size-thumbnail\" alt=\"\" aria-describedby=\"gallery-2-97\" \/><\/a>\n\t\t\t<\/div>\n\t\t\t\t<figcaption class='wp-caption-text gallery-caption' id='gallery-2-97'>\n\t\t\t\tBr\u00f6d bakade utan gluten. Frallor och fr\u00f6- eller fruktlimpa.\n\t\t\t\t<\/figcaption><\/figure><figure class='gallery-item'>\n\t\t\t<div class='gallery-icon landscape'>\n\t\t\t\t<a href='https:\/\/styckensbageri.se\/p1030731\/'><img loading=\"lazy\" decoding=\"async\" width=\"150\" height=\"150\" src=\"https:\/\/styckensbageri.se\/wp-content\/uploads\/2015\/09\/P1030731-150x150.jpg\" class=\"attachment-thumbnail size-thumbnail\" alt=\"\" aria-describedby=\"gallery-2-98\" \/><\/a>\n\t\t\t<\/div>\n\t\t\t\t<figcaption class='wp-caption-text gallery-caption' id='gallery-2-98'>\n\t\t\t\tBullar och muffins utan gluten.\n\t\t\t\t<\/figcaption><\/figure><figure class='gallery-item'>\n\t\t\t<div class='gallery-icon portrait'>\n\t\t\t\t<a href='https:\/\/styckensbageri.se\/index.php\/sortiment-bestallningsvaror\/milanopinnar\/'><img loading=\"lazy\" decoding=\"async\" width=\"150\" height=\"150\" src=\"https:\/\/styckensbageri.se\/wp-content\/uploads\/2023\/05\/Milanopinnar-150x150.jpg\" class=\"attachment-thumbnail size-thumbnail\" alt=\"\" aria-describedby=\"gallery-2-151\" \/><\/a>\n\t\t\t<\/div>\n\t\t\t\t<figcaption class='wp-caption-text gallery-caption' id='gallery-2-151'>\n\t\t\t\tMandelkakor utan gluten\n\t\t\t\t<\/figcaption><\/figure><figure class='gallery-item'>\n\t\t\t<div class='gallery-icon portrait'>\n\t\t\t\t<a href='https:\/\/styckensbageri.se\/index.php\/sortiment-bestallningsvaror\/attachment\/0\/'><img loading=\"lazy\" decoding=\"async\" width=\"150\" height=\"150\" src=\"https:\/\/styckensbageri.se\/wp-content\/uploads\/2025\/06\/0-150x150.jpg\" class=\"attachment-thumbnail size-thumbnail\" alt=\"\" aria-describedby=\"gallery-2-217\" \/><\/a>\n\t\t\t<\/div>\n\t\t\t\t<figcaption class='wp-caption-text gallery-caption' id='gallery-2-217'>\n\t\t\t\tKr\u00e4ftbr\u00f6d r\u00e4cker till 10-12 personer.\n\t\t\t\t<\/figcaption><\/figure>\n\t\t<\/div>\n\n<p><b>Vi bakar p\u00e5 best\u00e4llning:<\/b><\/p>\n<ul>\n<li>Brytbr\u00f6d. V\u00e4lj mellan 14- eller 30-bitars. Grovt eller ljust, finns \u00e4ven att f\u00e5 med tomat eller oliver.<\/li>\n<li>Rosenbr\u00f6d.<\/li>\n<li>Sm\u00f6rg\u00e5st\u00e5rtbotten. V\u00e4lj mellan 16- eller 30-bitars, odelad.<\/li>\n<li>Kr\u00e4ftbr\u00f6d .<\/li>\n<\/ul>\n<p>Vi \u00e4r tacksamma om vi f\u00e5r din best\u00e4llning senast kl 13.00 dagen innan.<\/p>\n<p><strong>T\u00e5rtor:<\/strong><\/p>\n<p>Vi g\u00f6r \u00e4ven t\u00e5rtor och t\u00e5rtl\u00e4ngder p\u00e5 best\u00e4llning. Din best\u00e4llning vill vi ha senast tv\u00e5 dagar innan. Under juli och augusti kan vi inte ta emot t\u00e5rtbest\u00e4llningar p\u00e5 grund av personalbrist.<\/p>\n<p>&nbsp;<\/p>\n<div id='gallery-3' class='gallery galleryid-8 gallery-columns-3 gallery-size-thumbnail'><figure class='gallery-item'>\n\t\t\t<div class='gallery-icon landscape'>\n\t\t\t\t<a href='https:\/\/styckensbageri.se\/index.php\/sortiment-bestallningsvaror\/prinsesstarta\/'><img loading=\"lazy\" decoding=\"async\" width=\"150\" height=\"150\" src=\"https:\/\/styckensbageri.se\/wp-content\/uploads\/2023\/05\/Prinsesstarta-150x150.jpg\" class=\"attachment-thumbnail size-thumbnail\" alt=\"\" aria-describedby=\"gallery-3-144\" \/><\/a>\n\t\t\t<\/div>\n\t\t\t\t<figcaption class='wp-caption-text gallery-caption' id='gallery-3-144'>\n\t\t\t\tPrinsesst\u00e5rta\n12 bitar\n\t\t\t\t<\/figcaption><\/figure><figure class='gallery-item'>\n\t\t\t<div class='gallery-icon landscape'>\n\t\t\t\t<a href='https:\/\/styckensbageri.se\/index.php\/sortiment-bestallningsvaror\/graddtarta\/'><img loading=\"lazy\" decoding=\"async\" width=\"150\" height=\"150\" src=\"https:\/\/styckensbageri.se\/wp-content\/uploads\/2023\/05\/Graddtarta-150x150.jpg\" class=\"attachment-thumbnail size-thumbnail\" alt=\"\" aria-describedby=\"gallery-3-143\" \/><\/a>\n\t\t\t<\/div>\n\t\t\t\t<figcaption class='wp-caption-text gallery-caption' id='gallery-3-143'>\n\t\t\t\tGr\u00e4ddt\u00e5rta med jordgubbar eller hallon\n12 bitar\n\t\t\t\t<\/figcaption><\/figure><figure class='gallery-item'>\n\t\t\t<div class='gallery-icon portrait'>\n\t\t\t\t<a href='https:\/\/styckensbageri.se\/index.php\/sortiment-bestallningsvaror\/prinsesslangd\/'><img loading=\"lazy\" decoding=\"async\" width=\"150\" height=\"150\" src=\"https:\/\/styckensbageri.se\/wp-content\/uploads\/2023\/05\/Prinsesslangd-150x150.jpg\" class=\"attachment-thumbnail size-thumbnail\" alt=\"\" aria-describedby=\"gallery-3-149\" \/><\/a>\n\t\t\t<\/div>\n\t\t\t\t<figcaption class='wp-caption-text gallery-caption' id='gallery-3-149'>\n\t\t\t\tPrinsessl\u00e4ngd 5-6 bitar\n\t\t\t\t<\/figcaption><\/figure><figure class='gallery-item'>\n\t\t\t<div class='gallery-icon portrait'>\n\t\t\t\t<a href='https:\/\/styckensbageri.se\/index.php\/sortiment-bestallningsvaror\/graddlangd\/'><img loading=\"lazy\" decoding=\"async\" width=\"150\" height=\"150\" src=\"https:\/\/styckensbageri.se\/wp-content\/uploads\/2023\/05\/Graddlangd-150x150.jpg\" class=\"attachment-thumbnail size-thumbnail\" alt=\"\" aria-describedby=\"gallery-3-145\" \/><\/a>\n\t\t\t<\/div>\n\t\t\t\t<figcaption class='wp-caption-text gallery-caption' id='gallery-3-145'>\n\t\t\t\tGr\u00e4ddl\u00e4ngd med jordgubbar eller hallon\n5-6 bitar\n\t\t\t\t<\/figcaption><\/figure><figure class='gallery-item'>\n\t\t\t<div class='gallery-icon landscape'>\n\t\t\t\t<a href='https:\/\/styckensbageri.se\/index.php\/sortiment-bestallningsvaror\/budapestlangd\/'><img loading=\"lazy\" decoding=\"async\" width=\"150\" height=\"150\" src=\"https:\/\/styckensbageri.se\/wp-content\/uploads\/2023\/05\/Budapestlangd-150x150.jpg\" class=\"attachment-thumbnail size-thumbnail\" alt=\"\" aria-describedby=\"gallery-3-146\" \/><\/a>\n\t\t\t<\/div>\n\t\t\t\t<figcaption class='wp-caption-text gallery-caption' id='gallery-3-146'>\n\t\t\t\tBudapestl\u00e4ngd 5-6 bitar\n\t\t\t\t<\/figcaption><\/figure>\n\t\t<\/div>\n\n<p>&nbsp;<\/p>\n","protected":false},"excerpt":{"rendered":"<p>Vi har ett brett sortiment av limpor. Bland annat danskt r\u00e5gbr\u00f6d och ekologiskt surdegsbr\u00f6d bakat p\u00e5 stenh\u00e4ll. \u00c4ven olivbr\u00f6d, Sk\u00e4rhamnslimpa, m.m. Vi bakar \u00e4ven br\u00f6d utan tillsatt gluten. Grov limpa, ljusa frallor, kanelbullar, muffins och sm\u00e5kakor. Vi bakar p\u00e5 best\u00e4llning: Brytbr\u00f6d. V\u00e4lj mellan 14- eller 30-bitars. Grovt eller ljust, finns \u00e4ven att f\u00e5 med tomat &hellip; <a href=\"https:\/\/styckensbageri.se\/index.php\/sortiment-bestallningsvaror\/\" class=\"more-link\">Continue reading <span class=\"screen-reader-text\">Sortiment &#038; Best\u00e4llningsvaror<\/span> <span class=\"meta-nav\">&rarr;<\/span><\/a><\/p>\n","protected":false},"author":1,"featured_media":0,"parent":0,"menu_order":0,"comment_status":"closed","ping_status":"closed","template":"","meta":{"footnotes":""},"class_list":["post-8","page","type-page","status-publish","hentry"],"_links":{"self":[{"href":"https:\/\/styckensbageri.se\/index.php\/wp-json\/wp\/v2\/pages\/8","targetHints":{"allow":["GET"]}}],"collection":[{"href":"https:\/\/styckensbageri.se\/index.php\/wp-json\/wp\/v2\/pages"}],"about":[{"href":"https:\/\/styckensbageri.se\/index.php\/wp-json\/wp\/v2\/types\/page"}],"author":[{"embeddable":true,"href":"https:\/\/styckensbageri.se\/index.php\/wp-json\/wp\/v2\/users\/1"}],"replies":[{"embeddable":true,"href":"https:\/\/styckensbageri.se\/index.php\/wp-json\/wp\/v2\/comments?post=8"}],"version-history":[{"count":9,"href":"https:\/\/styckensbageri.se\/index.php\/wp-json\/wp\/v2\/pages\/8\/revisions"}],"predecessor-version":[{"id":218,"href":"https:\/\/styckensbageri.se\/index.php\/wp-json\/wp\/v2\/pages\/8\/revisions\/218"}],"wp:attachment":[{"href":"https:\/\/styckensbageri.se\/index.php\/wp-json\/wp\/v2\/media?parent=8"}],"curies":[{"name":"wp","href":"https:\/\/api.w.org\/{rel}","templated":true}]}}