{"id":9,"date":"2015-09-21T13:43:54","date_gmt":"2015-09-21T11:43:54","guid":{"rendered":"http:\/\/styckens.elji.info\/?page_id=9"},"modified":"2025-10-17T17:11:09","modified_gmt":"2025-10-17T15:11:09","slug":"cafehorna-presentavdelning","status":"publish","type":"page","link":"https:\/\/styckensbageri.se\/index.php\/cafehorna-presentavdelning\/","title":{"rendered":"Caf\u00e9 &#038; Interi\u00f6r"},"content":{"rendered":"<p>P\u00e5 2:a v\u00e5ningen finner du v\u00e5rt hemtrevliga Caf\u00e9 med plats f\u00f6r 50 personer.<\/p>\n<p>H\u00e4r st\u00e5r v\u00e5r fikabuff\u00e9 framdukad med minst sju sorters kakor. Kaffe, te, choklad eller saft ing\u00e5r i priset som \u00e4r 85:- f\u00f6r vuxna och 65:- f\u00f6r barn. Under juli-augusti st\u00e4nger vi ner buff\u00e9n, men du kan fortfarande v\u00e4lja fritt ur v\u00e5rt breda sortiment i butiken.<\/p>\n<p>Sm\u00f6rg\u00e5sar gjorda p\u00e5 v\u00e5ra f\u00e4rska frallor och baguetter finns att k\u00f6pa.<\/p>\n<p>Det g\u00e5r bra att reservera platser till st\u00f6rre s\u00e4llskap p\u00e5 nr: 0304-679460<\/p>\n<p>Caf\u00e9t \u00e4r \u00f6ppet samma tider som butiken.<\/p>\n<p>M\u00e5ndag &#8211; Fredag 8-18 och L\u00f6rdag\u00a0 8-14. S\u00f6ndag och helgdag St\u00e4ngt.<\/p>\n<div id='gallery-1' class='gallery galleryid-9 gallery-columns-3 gallery-size-large'><figure class='gallery-item'>\n\t\t\t<div class='gallery-icon portrait'>\n\t\t\t\t<a href='https:\/\/styckensbageri.se\/index.php\/cafehorna-presentavdelning\/20250305_173049\/'><img loading=\"lazy\" decoding=\"async\" width=\"474\" height=\"593\" src=\"https:\/\/styckensbageri.se\/wp-content\/uploads\/2025\/03\/20250305_173049-819x1024.jpg\" class=\"attachment-large size-large\" alt=\"\" aria-describedby=\"gallery-1-199\" srcset=\"https:\/\/styckensbageri.se\/wp-content\/uploads\/2025\/03\/20250305_173049-819x1024.jpg 819w, https:\/\/styckensbageri.se\/wp-content\/uploads\/2025\/03\/20250305_173049-240x300.jpg 240w, https:\/\/styckensbageri.se\/wp-content\/uploads\/2025\/03\/20250305_173049-768x960.jpg 768w, https:\/\/styckensbageri.se\/wp-content\/uploads\/2025\/03\/20250305_173049-1229x1536.jpg 1229w, https:\/\/styckensbageri.se\/wp-content\/uploads\/2025\/03\/20250305_173049-1638x2048.jpg 1638w, https:\/\/styckensbageri.se\/wp-content\/uploads\/2025\/03\/20250305_173049-scaled.jpg 2048w\" sizes=\"auto, (max-width: 474px) 100vw, 474px\" \/><\/a>\n\t\t\t<\/div>\n\t\t\t\t<figcaption class='wp-caption-text gallery-caption' id='gallery-1-199'>\n\t\t\t\tV\u00e5r fikabuff\u00e9 st\u00e5r framdukad\n\t\t\t\t<\/figcaption><\/figure><figure class='gallery-item'>\n\t\t\t<div class='gallery-icon portrait'>\n\t\t\t\t<a href='https:\/\/styckensbageri.se\/index.php\/cafehorna-presentavdelning\/20250305_173726\/'><img loading=\"lazy\" decoding=\"async\" width=\"474\" height=\"606\" src=\"https:\/\/styckensbageri.se\/wp-content\/uploads\/2025\/03\/20250305_173726-801x1024.jpg\" class=\"attachment-large size-large\" alt=\"\" srcset=\"https:\/\/styckensbageri.se\/wp-content\/uploads\/2025\/03\/20250305_173726-801x1024.jpg 801w, https:\/\/styckensbageri.se\/wp-content\/uploads\/2025\/03\/20250305_173726-235x300.jpg 235w, https:\/\/styckensbageri.se\/wp-content\/uploads\/2025\/03\/20250305_173726-768x982.jpg 768w, https:\/\/styckensbageri.se\/wp-content\/uploads\/2025\/03\/20250305_173726-1201x1536.jpg 1201w, https:\/\/styckensbageri.se\/wp-content\/uploads\/2025\/03\/20250305_173726-1602x2048.jpg 1602w, https:\/\/styckensbageri.se\/wp-content\/uploads\/2025\/03\/20250305_173726-scaled.jpg 2002w\" sizes=\"auto, (max-width: 474px) 100vw, 474px\" \/><\/a>\n\t\t\t<\/div><\/figure><figure class='gallery-item'>\n\t\t\t<div class='gallery-icon portrait'>\n\t\t\t\t<a href='https:\/\/styckensbageri.se\/index.php\/cafehorna-presentavdelning\/20250305_173027-1\/'><img loading=\"lazy\" decoding=\"async\" width=\"474\" height=\"593\" src=\"https:\/\/styckensbageri.se\/wp-content\/uploads\/2025\/03\/20250305_173027-1-819x1024.jpg\" class=\"attachment-large size-large\" alt=\"\" srcset=\"https:\/\/styckensbageri.se\/wp-content\/uploads\/2025\/03\/20250305_173027-1-819x1024.jpg 819w, https:\/\/styckensbageri.se\/wp-content\/uploads\/2025\/03\/20250305_173027-1-240x300.jpg 240w, https:\/\/styckensbageri.se\/wp-content\/uploads\/2025\/03\/20250305_173027-1-768x960.jpg 768w, https:\/\/styckensbageri.se\/wp-content\/uploads\/2025\/03\/20250305_173027-1-1229x1536.jpg 1229w, https:\/\/styckensbageri.se\/wp-content\/uploads\/2025\/03\/20250305_173027-1-1638x2048.jpg 1638w, https:\/\/styckensbageri.se\/wp-content\/uploads\/2025\/03\/20250305_173027-1-scaled.jpg 2048w\" sizes=\"auto, (max-width: 474px) 100vw, 474px\" \/><\/a>\n\t\t\t<\/div><\/figure>\n\t\t<\/div>\n\n<figure id=\"attachment_200\" aria-describedby=\"caption-attachment-200\" style=\"width: 300px\" class=\"wp-caption alignnone\"><img loading=\"lazy\" decoding=\"async\" class=\"size-medium wp-image-200\" src=\"https:\/\/styckensbageri.se\/wp-content\/uploads\/2025\/03\/20250305_172436-2-300x267.jpg\" alt=\"\" width=\"300\" height=\"267\" srcset=\"https:\/\/styckensbageri.se\/wp-content\/uploads\/2025\/03\/20250305_172436-2-300x267.jpg 300w, https:\/\/styckensbageri.se\/wp-content\/uploads\/2025\/03\/20250305_172436-2-1024x911.jpg 1024w, https:\/\/styckensbageri.se\/wp-content\/uploads\/2025\/03\/20250305_172436-2-768x683.jpg 768w, https:\/\/styckensbageri.se\/wp-content\/uploads\/2025\/03\/20250305_172436-2-1536x1366.jpg 1536w, https:\/\/styckensbageri.se\/wp-content\/uploads\/2025\/03\/20250305_172436-2-2048x1821.jpg 2048w\" sizes=\"auto, (max-width: 300px) 100vw, 300px\" \/><figcaption id=\"caption-attachment-200\" class=\"wp-caption-text\">En mysig liten vr\u00e5<\/figcaption><\/figure>\n<p><img loading=\"lazy\" decoding=\"async\" class=\"alignnone size-medium wp-image-201\" src=\"https:\/\/styckensbageri.se\/wp-content\/uploads\/2025\/03\/20250305_172829-300x278.jpg\" alt=\"\" width=\"300\" height=\"278\" srcset=\"https:\/\/styckensbageri.se\/wp-content\/uploads\/2025\/03\/20250305_172829-300x278.jpg 300w, https:\/\/styckensbageri.se\/wp-content\/uploads\/2025\/03\/20250305_172829-1024x950.jpg 1024w, https:\/\/styckensbageri.se\/wp-content\/uploads\/2025\/03\/20250305_172829-768x713.jpg 768w, https:\/\/styckensbageri.se\/wp-content\/uploads\/2025\/03\/20250305_172829-1536x1425.jpg 1536w, https:\/\/styckensbageri.se\/wp-content\/uploads\/2025\/03\/20250305_172829-2048x1900.jpg 2048w\" sizes=\"auto, (max-width: 300px) 100vw, 300px\" \/><\/p>\n<figure id=\"attachment_198\" aria-describedby=\"caption-attachment-198\" style=\"width: 300px\" class=\"wp-caption alignnone\"><img loading=\"lazy\" decoding=\"async\" class=\"size-medium wp-image-198\" src=\"https:\/\/styckensbageri.se\/wp-content\/uploads\/2025\/03\/20250305_172852-300x246.jpg\" alt=\"\" width=\"300\" height=\"246\" srcset=\"https:\/\/styckensbageri.se\/wp-content\/uploads\/2025\/03\/20250305_172852-300x246.jpg 300w, https:\/\/styckensbageri.se\/wp-content\/uploads\/2025\/03\/20250305_172852-1024x839.jpg 1024w, https:\/\/styckensbageri.se\/wp-content\/uploads\/2025\/03\/20250305_172852-768x629.jpg 768w, https:\/\/styckensbageri.se\/wp-content\/uploads\/2025\/03\/20250305_172852-1536x1259.jpg 1536w, https:\/\/styckensbageri.se\/wp-content\/uploads\/2025\/03\/20250305_172852-2048x1678.jpg 2048w\" sizes=\"auto, (max-width: 300px) 100vw, 300px\" \/><figcaption id=\"caption-attachment-198\" class=\"wp-caption-text\">V\u00e5rt caf\u00e9 har plats f\u00f6r 50 personer<\/figcaption><\/figure>\n<p>H\u00e4r finner du \u00e4ven skinnf\u00e4llar, pl\u00e4dar och kuddar fr\u00e5n Skinnwille, vaxduk och servetter. Du kan \u00e4ven g\u00f6ra fynd p\u00e5 v\u00e5r loppishylla.<\/p>\n<div id='gallery-2' class='gallery galleryid-9 gallery-columns-3 gallery-size-large'><figure class='gallery-item'>\n\t\t\t<div class='gallery-icon landscape'>\n\t\t\t\t<a href='https:\/\/styckensbageri.se\/skinwille1x865\/'><img loading=\"lazy\" decoding=\"async\" width=\"474\" height=\"474\" src=\"https:\/\/styckensbageri.se\/wp-content\/uploads\/2023\/09\/skinwille1x865.jpg\" class=\"attachment-large size-large\" alt=\"\" aria-describedby=\"gallery-2-176\" srcset=\"https:\/\/styckensbageri.se\/wp-content\/uploads\/2023\/09\/skinwille1x865.jpg 865w, https:\/\/styckensbageri.se\/wp-content\/uploads\/2023\/09\/skinwille1x865-300x300.jpg 300w, https:\/\/styckensbageri.se\/wp-content\/uploads\/2023\/09\/skinwille1x865-150x150.jpg 150w, https:\/\/styckensbageri.se\/wp-content\/uploads\/2023\/09\/skinwille1x865-768x768.jpg 768w\" sizes=\"auto, (max-width: 474px) 100vw, 474px\" \/><\/a>\n\t\t\t<\/div>\n\t\t\t\t<figcaption class='wp-caption-text gallery-caption' id='gallery-2-176'>\n\t\t\t\tSkinnf\u00e4llar, kuddar och sittunderlag fr\u00e5n Skinnwille\n\t\t\t\t<\/figcaption><\/figure><figure class='gallery-item'>\n\t\t\t<div class='gallery-icon landscape'>\n\t\t\t\t<a href='https:\/\/styckensbageri.se\/skinwille2x865\/'><img loading=\"lazy\" decoding=\"async\" width=\"474\" height=\"474\" src=\"https:\/\/styckensbageri.se\/wp-content\/uploads\/2023\/09\/skinwille2x865.jpg\" class=\"attachment-large size-large\" alt=\"\" aria-describedby=\"gallery-2-177\" srcset=\"https:\/\/styckensbageri.se\/wp-content\/uploads\/2023\/09\/skinwille2x865.jpg 865w, https:\/\/styckensbageri.se\/wp-content\/uploads\/2023\/09\/skinwille2x865-300x300.jpg 300w, https:\/\/styckensbageri.se\/wp-content\/uploads\/2023\/09\/skinwille2x865-150x150.jpg 150w, https:\/\/styckensbageri.se\/wp-content\/uploads\/2023\/09\/skinwille2x865-768x768.jpg 768w\" sizes=\"auto, (max-width: 474px) 100vw, 474px\" \/><\/a>\n\t\t\t<\/div>\n\t\t\t\t<figcaption class='wp-caption-text gallery-caption' id='gallery-2-177'>\n\t\t\t\tHundar i f\u00e5rskinn fr\u00e5n Skinnwille\n\t\t\t\t<\/figcaption><\/figure>\n\t\t<\/div>\n\n<p>&nbsp;<\/p>\n","protected":false},"excerpt":{"rendered":"<p>P\u00e5 2:a v\u00e5ningen finner du v\u00e5rt hemtrevliga Caf\u00e9 med plats f\u00f6r 50 personer. H\u00e4r st\u00e5r v\u00e5r fikabuff\u00e9 framdukad med minst sju sorters kakor. Kaffe, te, choklad eller saft ing\u00e5r i priset som \u00e4r 85:- f\u00f6r vuxna och 65:- f\u00f6r barn. Under juli-augusti st\u00e4nger vi ner buff\u00e9n, men du kan fortfarande v\u00e4lja fritt ur v\u00e5rt breda &hellip; <a href=\"https:\/\/styckensbageri.se\/index.php\/cafehorna-presentavdelning\/\" class=\"more-link\">Continue reading <span class=\"screen-reader-text\">Caf\u00e9 &#038; Interi\u00f6r<\/span> <span class=\"meta-nav\">&rarr;<\/span><\/a><\/p>\n","protected":false},"author":1,"featured_media":0,"parent":0,"menu_order":0,"comment_status":"closed","ping_status":"closed","template":"","meta":{"footnotes":""},"class_list":["post-9","page","type-page","status-publish","hentry"],"_links":{"self":[{"href":"https:\/\/styckensbageri.se\/index.php\/wp-json\/wp\/v2\/pages\/9","targetHints":{"allow":["GET"]}}],"collection":[{"href":"https:\/\/styckensbageri.se\/index.php\/wp-json\/wp\/v2\/pages"}],"about":[{"href":"https:\/\/styckensbageri.se\/index.php\/wp-json\/wp\/v2\/types\/page"}],"author":[{"embeddable":true,"href":"https:\/\/styckensbageri.se\/index.php\/wp-json\/wp\/v2\/users\/1"}],"replies":[{"embeddable":true,"href":"https:\/\/styckensbageri.se\/index.php\/wp-json\/wp\/v2\/comments?post=9"}],"version-history":[{"count":33,"href":"https:\/\/styckensbageri.se\/index.php\/wp-json\/wp\/v2\/pages\/9\/revisions"}],"predecessor-version":[{"id":226,"href":"https:\/\/styckensbageri.se\/index.php\/wp-json\/wp\/v2\/pages\/9\/revisions\/226"}],"wp:attachment":[{"href":"https:\/\/styckensbageri.se\/index.php\/wp-json\/wp\/v2\/media?parent=9"}],"curies":[{"name":"wp","href":"https:\/\/api.w.org\/{rel}","templated":true}]}}

Café &#038; Interiör

<p>På 2:a våningen finner du vårt hemtrevliga Café med plats för 50 personer.</p>
<p>Här står vår fikabuffé framdukad med minst sju sorters kakor. Kaffe, te, choklad eller saft ingår i priset som är 85:- för vuxna och 65:- för barn. Under juli-augusti stänger vi ner buffén, men du kan fortfarande välja fritt ur vårt breda sortiment i butiken.</p>
<p>Smörgåsar gjorda på våra färska frallor och baguetter finns att köpa.</p>
<p>Det går bra att reservera platser till större sällskap på nr: 0304-679460</p>
<p>Cafét är öppet samma tider som butiken.</p>
<p>Måndag &#8211; Fredag 8-18 och Lördag  8-14. Söndag och helgdag Stängt.</p>
<div id='gallery-1' class='gallery galleryid-9 gallery-columns-3 gallery-size-large'><figure class='gallery-item'>
			<div class='gallery-icon portrait'>
				<a href='https://styckensbageri.se/index.php/cafehorna-presentavdelning/20250305_173049/'><img loading="lazy" decoding="async" width="474" height="593" src="https://styckensbageri.se/wp-content/uploads/2025/03/20250305_173049-819x1024.jpg" class="attachment-large size-large" alt="" aria-describedby="gallery-1-199" srcset="https://styckensbageri.se/wp-content/uploads/2025/03/20250305_173049-819x1024.jpg 819w, https://styckensbageri.se/wp-content/uploads/2025/03/20250305_173049-240x300.jpg 240w, https://styckensbageri.se/wp-content/uploads/2025/03/20250305_173049-768x960.jpg 768w, https://styckensbageri.se/wp-content/uploads/2025/03/20250305_173049-1229x1536.jpg 1229w, https://styckensbageri.se/wp-content/uploads/2025/03/20250305_173049-1638x2048.jpg 1638w, https://styckensbageri.se/wp-content/uploads/2025/03/20250305_173049-scaled.jpg 2048w" sizes="auto, (max-width: 474px) 100vw, 474px" /></a>
			</div>
				<figcaption class='wp-caption-text gallery-caption' id='gallery-1-199'>
				Vår fikabuffé står framdukad
				</figcaption></figure><figure class='gallery-item'>
			<div class='gallery-icon portrait'>
				<a href='https://styckensbageri.se/index.php/cafehorna-presentavdelning/20250305_173726/'><img loading="lazy" decoding="async" width="474" height="606" src="https://styckensbageri.se/wp-content/uploads/2025/03/20250305_173726-801x1024.jpg" class="attachment-large size-large" alt="" srcset="https://styckensbageri.se/wp-content/uploads/2025/03/20250305_173726-801x1024.jpg 801w, https://styckensbageri.se/wp-content/uploads/2025/03/20250305_173726-235x300.jpg 235w, https://styckensbageri.se/wp-content/uploads/2025/03/20250305_173726-768x982.jpg 768w, https://styckensbageri.se/wp-content/uploads/2025/03/20250305_173726-1201x1536.jpg 1201w, https://styckensbageri.se/wp-content/uploads/2025/03/20250305_173726-1602x2048.jpg 1602w, https://styckensbageri.se/wp-content/uploads/2025/03/20250305_173726-scaled.jpg 2002w" sizes="auto, (max-width: 474px) 100vw, 474px" /></a>
			</div></figure><figure class='gallery-item'>
			<div class='gallery-icon portrait'>
				<a href='https://styckensbageri.se/index.php/cafehorna-presentavdelning/20250305_173027-1/'><img loading="lazy" decoding="async" width="474" height="593" src="https://styckensbageri.se/wp-content/uploads/2025/03/20250305_173027-1-819x1024.jpg" class="attachment-large size-large" alt="" srcset="https://styckensbageri.se/wp-content/uploads/2025/03/20250305_173027-1-819x1024.jpg 819w, https://styckensbageri.se/wp-content/uploads/2025/03/20250305_173027-1-240x300.jpg 240w, https://styckensbageri.se/wp-content/uploads/2025/03/20250305_173027-1-768x960.jpg 768w, https://styckensbageri.se/wp-content/uploads/2025/03/20250305_173027-1-1229x1536.jpg 1229w, https://styckensbageri.se/wp-content/uploads/2025/03/20250305_173027-1-1638x2048.jpg 1638w, https://styckensbageri.se/wp-content/uploads/2025/03/20250305_173027-1-scaled.jpg 2048w" sizes="auto, (max-width: 474px) 100vw, 474px" /></a>
			</div></figure>
		</div>

<figure id="attachment_200" aria-describedby="caption-attachment-200" style="width: 300px" class="wp-caption alignnone"><img loading="lazy" decoding="async" class="size-medium wp-image-200" src="https://styckensbageri.se/wp-content/uploads/2025/03/20250305_172436-2-300x267.jpg" alt="" width="300" height="267" srcset="https://styckensbageri.se/wp-content/uploads/2025/03/20250305_172436-2-300x267.jpg 300w, https://styckensbageri.se/wp-content/uploads/2025/03/20250305_172436-2-1024x911.jpg 1024w, https://styckensbageri.se/wp-content/uploads/2025/03/20250305_172436-2-768x683.jpg 768w, https://styckensbageri.se/wp-content/uploads/2025/03/20250305_172436-2-1536x1366.jpg 1536w, https://styckensbageri.se/wp-content/uploads/2025/03/20250305_172436-2-2048x1821.jpg 2048w" sizes="auto, (max-width: 300px) 100vw, 300px" /><figcaption id="caption-attachment-200" class="wp-caption-text">En mysig liten vrå</figcaption></figure>
<p><img loading="lazy" decoding="async" class="alignnone size-medium wp-image-201" src="https://styckensbageri.se/wp-content/uploads/2025/03/20250305_172829-300x278.jpg" alt="" width="300" height="278" srcset="https://styckensbageri.se/wp-content/uploads/2025/03/20250305_172829-300x278.jpg 300w, https://styckensbageri.se/wp-content/uploads/2025/03/20250305_172829-1024x950.jpg 1024w, https://styckensbageri.se/wp-content/uploads/2025/03/20250305_172829-768x713.jpg 768w, https://styckensbageri.se/wp-content/uploads/2025/03/20250305_172829-1536x1425.jpg 1536w, https://styckensbageri.se/wp-content/uploads/2025/03/20250305_172829-2048x1900.jpg 2048w" sizes="auto, (max-width: 300px) 100vw, 300px" /></p>
<figure id="attachment_198" aria-describedby="caption-attachment-198" style="width: 300px" class="wp-caption alignnone"><img loading="lazy" decoding="async" class="size-medium wp-image-198" src="https://styckensbageri.se/wp-content/uploads/2025/03/20250305_172852-300x246.jpg" alt="" width="300" height="246" srcset="https://styckensbageri.se/wp-content/uploads/2025/03/20250305_172852-300x246.jpg 300w, https://styckensbageri.se/wp-content/uploads/2025/03/20250305_172852-1024x839.jpg 1024w, https://styckensbageri.se/wp-content/uploads/2025/03/20250305_172852-768x629.jpg 768w, https://styckensbageri.se/wp-content/uploads/2025/03/20250305_172852-1536x1259.jpg 1536w, https://styckensbageri.se/wp-content/uploads/2025/03/20250305_172852-2048x1678.jpg 2048w" sizes="auto, (max-width: 300px) 100vw, 300px" /><figcaption id="caption-attachment-198" class="wp-caption-text">Vårt café har plats för 50 personer</figcaption></figure>
<p>Här finner du även skinnfällar, plädar och kuddar från Skinnwille, vaxduk och servetter. Du kan även göra fynd på vår loppishylla.</p>
<div id='gallery-2' class='gallery galleryid-9 gallery-columns-3 gallery-size-large'><figure class='gallery-item'>
			<div class='gallery-icon landscape'>
				<a href='https://styckensbageri.se/skinwille1x865/'><img loading="lazy" decoding="async" width="474" height="474" src="https://styckensbageri.se/wp-content/uploads/2023/09/skinwille1x865.jpg" class="attachment-large size-large" alt="" aria-describedby="gallery-2-176" srcset="https://styckensbageri.se/wp-content/uploads/2023/09/skinwille1x865.jpg 865w, https://styckensbageri.se/wp-content/uploads/2023/09/skinwille1x865-300x300.jpg 300w, https://styckensbageri.se/wp-content/uploads/2023/09/skinwille1x865-150x150.jpg 150w, https://styckensbageri.se/wp-content/uploads/2023/09/skinwille1x865-768x768.jpg 768w" sizes="auto, (max-width: 474px) 100vw, 474px" /></a>
			</div>
				<figcaption class='wp-caption-text gallery-caption' id='gallery-2-176'>
				Skinnfällar, kuddar och sittunderlag från Skinnwille
				</figcaption></figure><figure class='gallery-item'>
			<div class='gallery-icon landscape'>
				<a href='https://styckensbageri.se/skinwille2x865/'><img loading="lazy" decoding="async" width="474" height="474" src="https://styckensbageri.se/wp-content/uploads/2023/09/skinwille2x865.jpg" class="attachment-large size-large" alt="" aria-describedby="gallery-2-177" srcset="https://styckensbageri.se/wp-content/uploads/2023/09/skinwille2x865.jpg 865w, https://styckensbageri.se/wp-content/uploads/2023/09/skinwille2x865-300x300.jpg 300w, https://styckensbageri.se/wp-content/uploads/2023/09/skinwille2x865-150x150.jpg 150w, https://styckensbageri.se/wp-content/uploads/2023/09/skinwille2x865-768x768.jpg 768w" sizes="auto, (max-width: 474px) 100vw, 474px" /></a>
			</div>
				<figcaption class='wp-caption-text gallery-caption' id='gallery-2-177'>
				Hundar i fårskinn från Skinnwille
				</figcaption></figure>
		</div>

<p>&nbsp;</p>

<p>På 2:a våningen finner du vårt hemtrevliga Café med plats för 50 personer. Här står vår fikabuffé framdukad med minst sju sorters kakor. Kaffe, te, choklad eller saft ingår i priset som är 85:- för vuxna och 65:- för barn. Under juli-augusti stänger vi ner buffén, men du kan fortfarande välja fritt ur vårt breda &hellip; <a href="https://styckensbageri.se/index.php/cafehorna-presentavdelning/" class="more-link">Continue reading <span class="screen-reader-text">Café &#038; Interiör</span> <span class="meta-nav">&rarr;</span></a></p>
